 - 1684*n - 54 = 0. Let z(y) = 48*y. Determine z(n).
-48
Let u(z) = -267*z**2 + 10*z + 263*z**2 - 7*z - 10*z - 6 - z**3. Give u(-2).
0
Let u(s) = -35*s + 31. Let r(l) = -2*l + 2. Let i(x) = 10*r(x) - u(x). Determine i(-2).
-41
Let y(l) = l + 1. Suppose 17*m - 40 - 79 = 0. Let c be (m - 1 - 8) + -2. What is y(c)?
-3
Let y = -4 - -6. Let t(d) = -d**2 + 2. Let q = 1299 + -1304. Let o(h) = -h**3 - h**2 - h + 4. Let n(j) = q*t(j) + y*o(j). Give n(2).
-10
Let v(p) be the first derivative of p**4/6 - p**3 + p**2/2 - 36*p - 65. Let m(k) be the first derivative of v(k). Calculate m(4).
9
Let p(n) = n**3 - 3*n**2 - 4*n. Let q = 28 + -39. Let a(v) = -v**2 - 11*v + 5. Let g be a(q). Let d(h) = h**2 - 5*h + 4. Let l be d(g). What is p(l)?
0
Let s(c) = 3*c - 74 - 31*c**3 + 30*c**3 - 67 + 193 - 66. Calculate s(-4).
38
Let q(g) = -g**2 - 10*g + 9. Let b(z) = -2*z**3 - 12*z**2 - 4*z + 19. Let v be b(-5). Let m be q(v). Let u(l) = 7*l + 7. Calculate u(m).
-7
Let c(f) = f**2 - 4*f - 6. Let a(q) be the first derivative of q**2/2 - 3*q - 1. Let n(z) = 2*z**2 - 12*z + 24. Let o be n(4). Let x be a(o). Give c(x).
-1
Let v(a) = a**2 - 5*a - 10. Let o(n) = -140*n - 422. Let g be o(-3). What is v(g)?
4
Let b = 16 - 13. Let j(v) be the third derivative of -v**4/24 - v**3 + v**2 - 1098. What is j(b)?
-9
Let l(j) be the second derivative of 3/2*j**2 - 1/6*j**4 - 2*j - 5/6*j**3 - 4. What is l(-5)?
-22
Let i(y) = -y**2 - 18*y - 20. Let v = -10559 + 10547. Give i(v).
52
Let z(h) be the first derivative of -h**3/3 + 15*h**2 - 24*h - 1511. Give z(29).
5
Let v(q) = -14*q - 9*q + 2*q + 154 + 5*q + 120. Calculate v(16).
18
Let o(z) = 0*z**3 - z**3 - 9*z**3 - 4 + 11*z**3 - 2*z. Determine o(3).
17
Let y(s) = s**2 - 7*s - 3. Let o(c) = -c + 6. Let l be o(4). Let v(k) = -24*k - 3 + k**2 - 32*k - 24*k + 72*k. Let n(j) = l*v(j) - 3*y(j). What is n(4)?
7
Let l(i) be the first derivative of 3*i**2 + 0*i**3 + 6 + 1/24*i**4 + 0*i. Let r(n) be the second derivative of l(n). Calculate r(4).
4
Suppose -11 = -r + 2*c, 12*r - 2*c + 4 = 16*r. Suppose 0 = 4*v + 16. Let t(o) = 14*o - 2. Let p(l) = 13*l - 1. Let d(j) = v*t(j) + 5*p(j). Give d(r).
30
Let s be (-1534)/65 + (6/(-5))/3. Let q = s + 26. Let n(b) = 0*b**2 + 2 - b**2 + 3*b - 7*b + 2*b. Determine n(q).
-6
Let l(y) = -y**2 + 4*y - 4. Let v be l(4). Let x(i) = i**3 - 1057*i + 4 - 1014*i + 2077*i - 84*i**2 + 89*i**2. Calculate x(v).
-4
Let l(i) = i**2 - 14*i - 23. Let j = -840 + 843. Let q be 1/j + 2816/192. What is l(q)?
-8
Let m(p) = -2*p + 7. Let a be (2/5)/((-3)/(-285)). Let z = 58 - a. Let r be (-5*(-2)/(-8))/((-5)/z). Give m(r).
-3
Let i(p) be the first derivative of p**2 + 41*p + 5474. Give i(-19).
3
Let j(x) be the second derivative of 3*x**5/10 + 7*x**4/6 - 7*x**3/3 - 113*x. Let o be j(1). Let s(m) = 2*m - 11. Give s(o).
1
Let d(t) be the first derivative of -t**3 + 7*t**2/2 + 299*t - 245. Let b(k) be the first derivative of d(k). Give b(3).
-11
Let p(a) = -15*a - 15*a**2 - 3 + 19*a**2 + 9*a + 16*a. Give p(-5).
47
Let z(w) = -9*w. Suppose -2*s + 13*s + 33 = 0. Let h(r) = -16*r. Let a(f) = s*h(f) + 5*z(f). Calculate a(1).
3
Let y(x) be the third derivative of x**5/30 + x**4/24 + x**3/6 - 201*x**2. Suppose 4*h = 71 - 67. Determine y(h).
4
Let m(r) = 356*r**2 + 45*r - 358*r**2 + 17 - 2*r. Determine m(22).
-5
Let o = 222 - 207. Let v be o/(90/(-24)) + 13. Let q(x) = -x + 11. Calculate q(v).
2
Let z = -203 + 203. Suppose z = 3*a - 2*f - 22, 7*f - 12*f = -3*a + 28. Let q(w) = 2*w - 4. What is q(a)?
8
Let c be ((-2)/(-6))/(10/180). Let x be c/8*(-136)/(-51). Let b(u) = 122*u**x - 129*u**2 - u**3 - 3 + 6 - 7*u. Calculate b(-6).
9
Suppose -4*u + p + 88 = 0, u = 2*p - 4*p + 22. Let z(d) = 95*d - 26*d - u*d + 10 - 22*d - 24*d. Give z(6).
16
Suppose 0 = 5*u, 68*u = 5*g + 64*u - 45. Let h(k) = k**3 - 11*k**2 + 19*k - 5. Determine h(g).
4
Let u(t) = t**3 - 11*t**2 + 7. Let s = 68 + -24. Let g be s/((-24)/3 - -12). Determine u(g).
7
Let a be (8/(-8))/((-344)/88 + 4). Let r(i) = -i**3 - 12*i**2 - 18*i - 72. Determine r(a).
5
Let w(m) = -m + 1 - 36*m**2 + 19*m**2 + 16*m**2. Let j(o) = -o**2 - 22*o - 112. Let y be j(-8). What is w(y)?
1
Let o(l) be the third derivative of l**2 - 2/15*l**5 + 1/120*l**6 + 0 - 1/24*l**4 - 7/6*l**3 + 0*l. Give o(8).
-15
Let p(d) = d**2 - 15*d + 16. Suppose 0 = 14*y - 101 + 63 - 172. What is p(y)?
16
Let i(g) = g**2 + 1. Let q be (-6)/108*4 - (-322)/(-9). Let m = q + 82. Let c = m - 48. Calculate i(c).
5
Let u(d) = 5*d - 5. Let c(n) = -18*n + 16. Let v(m) = 2*c(m) + 7*u(m). Let t(g) = -g**2 - 12*g + 9. Let y(o) = t(o) - 2*v(o). What is y(-11)?
4
Let z = -5 - -1. Let s(u) be the third derivative of u**5/60 + u**4/8 + u**3 + 16937*u**2. Calculate s(z).
10
Let h(x) be the third derivative of 0*x + 125*x**2 + 4/3*x**3 + 1/24*x**4 + 0. Give h(0).
8
Let x(r) = -93*r**3 - 128*r**2 + 7*r - 91*r**3 + 276*r**3 - 93*r**3 + 122*r**2 - 7. Suppose 6*i - 3*i = -3. Let b = -8 - i. Calculate x(b).
-7
Let y(j) = -2*j**2 - 84*j + 1. Let d be y(-34). Let p(n) = 4*n + 12 - 1085*n**2 + 539*n**2 + d*n**2. Determine p(6).
0
Let j(x) be the third derivative of -x**6/120 + 7*x**5/30 - x**4/2 - x**3/3 - 55*x**2 - 4*x. Determine j(13).
11
Let w(g) = -g + 5. Let d be w(3). Let h(m) = -m**2 - 2 + 0 - 3*m + 0*m**d + 2*m. Let p = -9 + 11. What is h(p)?
-8
Let c(w) = 2*w**2 + 259*w + 18. Let d(y) = 3*y**2 + 516*y + 43. Let g(s) = -7*c(s) + 3*d(s). Give g(-53).
3
Let q(z) be the third derivative of -17*z**4/24 + 58*z**3/3 - 2*z**2 - 1058*z. What is q(7)?
-3
Let r = 347 + -126. Let l(p) = p + 231 + r - 433. Give l(-13).
6
Let c(g) = -4*g**2 + 29*g + 31. Let f(k) = 5*k**2 - 29*k - 31. Let l(y) = -6*c(y) - 5*f(y). Let v be l(-28). Let q(z) = -5*z - 6. Calculate q(v).
9
Let y(j) = j - 10. Suppose 2*q = -t - 2*q + 4, -2*q = -2. Suppose 23 - 28 = -5*o, t = 5*x + 3*o - 33. Calculate y(x).
-4
Let o(s) be the first derivative of 69*s**2/2 - 343*s - 4476. Calculate o(5).
2
Let n(x) = -x**2 + 7. Suppose u = -c - 11, -3 = -c + 11*u - 5*u. What is n(c)?
-74
Let k(d) = 3*d**3 + 4*d**2 + 10*d - 1. Let r(h) = -9*h - 17. Let c be r(-2). Let t(u) = -u**3 - 2*u**2 - u + 1. Let m(s) = c*k(s) + 4*t(s). What is m(-4)?
-21
Let n = 1999 - 1977. Let s(u) = -u**3 + 21*u**2 + 23*u - 25. Calculate s(n).
-3
Let z(o) = 3*o**2 + o - 36. Suppose -7*s + 4 = 3*n - 4*n - 10*s, 0 = -s. Give z(n).
8
Let u(a) = -10802 - 3*a + a**3 + 3*a - 7*a**2 + 10800. Let l(i) = -2*i - 7. Let g be l(-7). Determine u(g).
-2
Let n(v) = 1 - 1227*v**3 + 610*v**3 + 28*v**2 - 77*v - 3*v**2 + 615*v**3. Give n(7).
1
Suppose -2*p = -r - 9, 5*p - 3*r = -2*r + 21. Let c(u) = -10*u**2 - 1 - p*u**2 - 4*u + 2*u. Give c(-1).
-13
Let p(l) be the first derivative of l**2/2 + 2*l + 8063. Let c = -16 + 11. Calculate p(c).
-3
Let y(h) = -14391*h**2 + 2 + 14401*h**2 - 12*h - h**3 + 9. What is y(8)?
43
Suppose -5*j = -15, 3*t - 3*j = -21 + 138. Let v(l) = 41*l - 1 + t*l + l**2 - 85*l. Give v(3).
2
Let s(t) = -174*t**2 - 87*t - 121. Let r(x) = 14*x**2 + 7*x + 10. Let c(f) = -25*r(f) - 2*s(f). Give c(-6).
-74
Suppose 5*i - 6 = 2*i. Let o be (-10)/(-40)*(8/i - 0). Let m(y) = 3 - o - 2*y - 1 + 2. What is m(2)?
-1
Let o(v) = v**2 + v**3 + 7*v**2 - 9 + 2*v**2 + 8*v. Let n(g) = 7*g - 24. Let y be n(21). Let i = 114 - y. What is o(i)?
0
Let j(h) = h**3 - 8*h**2 + 8*h - 10. Let q be j(7). Let t(p) = -11*p**2 + 19*p + 40. Let v(y) = -3*y**2 + 6*y + 12. Let i(f) = 2*t(f) - 7*v(f). Determine i(q).
-1
Let f(g) be the second derivative of 7*g**5/120 - g**4/6 + 3*g**3/2 - g**2 - g - 50. Let r(d) be the second derivative of f(d). Determine r(-3).
-25
Let n(q) be the first derivative of -q**4/4 + 4*q**3/3 + 2*q**2 + 4*q - 21232. Let z = 12 - 7. What is n(z)?
-1
Let d(s) be the third derivative of s**5/30 - s**4/3 - 5*s**3/6 + s**2. Suppose 284 = -16*m + 364. Let w be d(m). Let a(x) = x**2 - 6*x - 3. Determine a(w).
-8
Let s(y) = 2*y + 15. Let z = 8336 + -8344. What is s(z)?
-1
Let i(z) = 131*z + 138. Let o be i(-1). Let f(p) be the first derivative of 1/2*p**2 - 1/3*p**3 + o*p - 10. What is f(0)?
7
Let b be (-9 + 2 - -2)/(-1). Let r(w) = -3 - 5*w - 4*w**2 - 2*w + 9 + w**3. Let o be r(b). Let m(g) = -g**3 - 5*g**2 - 5*g - 6. Calculate m(o).
-2
Suppose 16*j = -5*m + 11*j + 40, -32 = -4*m - 2*j. Let s(d) = d**3 + d**2 - 75*d + 18. What is s(m)